base 2, what is -100001101001100010101 - -10111110?
-100001101001001010111
In base 6, what is 45503 - -23330?
113233
In base 15, what is -a5123a + -11?
-a5124b
In base 6, what is 5 + 33354054?
33354103
In base 5, what is -41310004411 - -132?
-41310004224
In base 8, what is -7266 + 5520?
-1546
In base 14, what is -a0563 + 9d?
-a04a4
In base 5, what is 104000 - 10404?
43041
In base 9, what is 162476818 - -3?
162476822
In base 10, what is 659888 - 570?
659318
In base 10, what is -670430 - -23?
-670407
In base 16, what is -48862b59 + -4?
-48862b5d
In base 5, what is 4230101 - -402031?
10132132
In base 15, what is 2 + 2a9d76?
2a9d78
In base 13, what is -4 + -4239ca0?
-4239ca4
In base 8, what is -6717101 + -345?
-6717446
In base 13, what is 1b907 + c2b?
1c835
In base 16, what is -422b + 13cd?
-2e5e
In base 10, what is 28623890 - -11?
28623901
In base 14, what is -312 + 3035?
2b23
In base 5, what is 213411111 - 2101?
213404010
In base 6, what is -2453540534 + 15?
-2453540515
In base 13, what is 0 - -1b4474c?
1b4474c
In base 6, what is -33 + 244303131?
244303054
In base 5, what is 22242020 + -211440?
22030030
In base 8, what is 124 - -22624?
22750
In base 11, what is -1 - a033a?
-a0340
In base 2, what is -1 - -10100110011010110101100?
10100110011010110101011
In base 8, what is 5 + 25351332?
25351337
In base 5, what is 221331 + 1112334?
1334220
In base 10, what is 616046961 + 4?
616046965
In base 3, what is -210000 + -10221220?
-11201220
In base 8, what is 0 + -2160135672?
-2160135672
In base 10, what is -1167 - 3257?
-4424
In base 11, what is -4a - 1a7660?
-1a76aa
In base 5, what is -10 - -1330413243?
1330413233
In base 12, what is -96 - 573?
-649
In base 2, what is -1000011001000100 - -1100101001?
-1000001100011011
In base 14, what is d - 3a648d?
-3a6480
In base 11, what is 88276010 - 3?
88276008
In base 16, what is -256c - -61b?
-1f51
In base 10, what is -42 - 678266?
-678308
In base 12, what is -41 + -8060124?
-8060165
In base 15, what is a - -29e070?
29e07a
In base 11, what is -2543 + 1563?
-a90
In base 7, what is -121 - 430350?
-430501
In base 7, what is -11050005 - 610?
-11050615
In base 11, what is 7 - -2083695?
20836a1
In base 7, what is 1321406 + -222?
1321154
In base 11, what is 1 + -99358230?
-9935822a
In base 7, what is -1055546351 - -3?
-1055546345
In base 3, what is -21020222 + 2110?
-21011112
In base 11, what is 1 - 2792945?
-2792944
In base 11, what is 669672 - -a3?
669765
In base 6, what is -4324 - -1453151?
1444423
In base 2, what is 0 - 1100010111001010111101110?
-1100010111001010111101110
In base 5, what is 13401004422 - 24?
13401004343
In base 7, what is -1462213 - -16461?
-1442422
In base 6, what is -11553311 - -1304?
-11552003
In base 14, what is 4 - 2a37a64d?
-2a37a649
In base 15, what is -6c + -3577?
-35e4
In base 7, what is 60 - 42125005?
-42124615
In base 2, what is 11001100110101011010011110 + -10?
11001100110101011010011100
In base 5, what is 14 - -22210304?
22210323
In base 4, what is 122 - -21213031?
21213213
In base 14, what is 3a - 1996a0?
-199664
In base 11, what is 6773a993 + 5?
6773a998
In base 12, what is 5 - 90ba59?
-90ba54
In base 12, what is -410 - 9ab042?
-9ab452
In base 5, what is 1331001 - 110?
1330341
In base 13, what is 21a613 + 25?
21a638
In base 15, what is -5 + 13e03b?
13e036
In base 4, what is 2133 + 21112330311?
21112333110
In base 9, what is -87365024 + 2?
-87365022
In base 3, what is 2201100120 - -21120?
2201122010
In base 12, what is 8036687 - 1?
8036686
In base 15, what is -49 + -1a5a2?
-1a5eb
In base 12, what is -b7a22080 - 3?
-b7a22083
In base 12, what is -79 + 183b75?
183ab8
In base 13, what is -305 - 5c7?
-8cc
In base 11, what is -a614204 + -2?
-a614206
In base 6, what is 3333104 + 3?
3333111
In base 6, what is 5550320 + 32511?
10023231
In base 12, what is -6097 + 425?
-5872
In base 14, what is -1 + -230a4d?
-230a50
In base 6, what is 35030002 + 22?
35030024
In base 8, what is 7163713 - -1060?
7164773
In base 8, what is 242176 + -436?
241540
In base 6, what is 1100 + 311530?
313030
In base 16, what is -fa32ad1 - 1?
-fa32ad2
In base 12, what is 175 + -b91a?
-b765
In base 8, what is -6 - 155171635?
-155171643
In base 3, what is 1212020 - 10200101?
-1211011
In base 10, what is 22449 - 333?
22116
In base 12, what is -27 - -231375?
23134a
In base 3, what is -1200220 - -1101022021221?
1101020121001
In base 11, what is 508 + 568?
a75
In base 5, what is -211022440 + -1?
-211022441
In base 6, what is -5 - -110110115?
110110110
In base 8, what is -53 + -254170?
-254243
In base 4, what is 113300002013 - 11?
113300002002
In base 13, what is -639 - -45777?
4513b
In base 12, what is -157 - -512?
377
In base 3, what is -10221222210021 + 20?
-10221222210001
In base 11, what is -229277 - -40a?
-228968
In base 11, what is -6003 - 24677?
-2a67a
In base 8, what is -1 + -46062020?
-46062021
In base 7, what is 4 + 21124104?
21124111
In base 2, what is 10010110011011101101001110100 + 1?
10010110011011101101001110101
In base 9, what is -8 - -607308?
607300
In base 10, what is -32724729 - -18?
-32724711
In base 2, what is 1110101010100001 + -1110010?
1110101000101111
In base 13, what is 352a3 - 1570?
33a33
In base 4, what is -3331232 - 12003?
-10003301
In base 13, what is -a + 43776?
43769
In base 6, what is 11213 + -3510020?
-3454403
In base 12, what is 37 - 1a26a?
-1a233
In base 15, what is -9ca27 + e6?
-9c931
In base 4, what is 12310003312 + -223?
12310003023
In base 9, what is -45142566 - -15?
-45142551
In base 10, what is 76 - 766949?
-766873
In base 10, what is -157 - 19475?
-19632
In base 4, what is -2 + -31302221202?
-31302221210
In base 7, what is 46623 - -422?
50345
In base 9, what is -10808142 - -4?
-10808137
In base 4, what is 201012302 - -1131?
201020033
In base 3, what is -112022 + -2001020210?
-2001210002
In base 10, what is -170215 + -20?
-170235
In base 10, what is -1934 - 4441?
-6375
In base 6, what is 40535520043 + 1?
40535520044
In base 8, what is 5712 + 4011?
11723
In base 14, what is 26c082 + 153?
26c1d5
In base 3, what is -10 - 22122110210001?
-22122110210011
In base 12, what is -b394 + -1b6?
-b58a
In base 8, what is -502512 + -210?
-502722
In base 14, what is 3 - -826a49c?
826a4a1
In base 8, what is 1653534 + 161?
1653715
In base 10, what is -298571 + 256?
-298315
In base 12, what is -1556a0921 + -4?
-1556a0925
In base 4, what is 23220330 + -12030?
23202300
In base 12, what is -3 + -2078470?
-2078473
In base 15, what is -1a + 142dd2?
142db7
In base 5, what is -13342403411 + -2?
-13342403413
In base 8, what is 3254060 + -17?
3254041
In base 8, what is 313643 - -26442?
342305
In base 11, what is 0 - a887a364?
-a887a364
In base 16, what is -4af9 - -9a5?
-4154
In base 4, what is 120010 - -10323121?
11103131
In base 13, what is -3 - -3ca42ca?
3ca42c7
In base 16, what is -a - -67bd8?
67bce
In base 5, what is -3232 - 1330310?
-1334042
In base 15, what is -4 - 46620?
-46624
In base 2, what is -1110111010100000101100 - 1?
-1110111010100000101101
In base 3, what is -222 + 22001211111122?
22001211110200
In base 5, what is 1323 - 103002222?
-103000344
In base 10, what is 2893382 - -253?
2893635
In base 13, what is 184 + 1b476?
1b62a
In base 5, what is -121020333424 + -4?
-121020333433
In base 12, what is -8 - -102a52a?
102a522
In base 4, what is -13 - -232333112?
232333033
In base 5, what is 1 - -100132313413?
100132313414
In base 6, what is 1 + 20010044?
20010045
In base 15, what is -6 + 16071da?
16071d4
In base 15, what is 125a - 802?
958
In base 12, what is -2a74749 - 5?
-2a74752
In base 9, what is 3304 - -7450?
11754
In base 14, what is -3a0d45 - -2?
-3a0d43
In base 5, what is 2010120 + 12342?
2023012
In base 2, what is 11000 - 1000011111110000000?
-1000011111101101000
In base 6, what is -125055 - -4401?
-120254
In base 3, what is 11 - 1202012201210212?
-1202012201210201
In base 3, what is -12111120 + -21101012002?
-21120200122
In base 6, what is -205 - 3250513?
-3251122
In base 12, what is -4 - 4a741453?
-4a741457
In base 8, what is 5 + -13262617?
-13262612
In base 12, what is -26338 + 3373?
-22b85
In base 9, what is 15651250 - 1?
15651248
In base 10, what is -505 + -152558?
-153063
In base 8, what is -270035 - 2137?
-272174
In base 3, what is 211102121012222 - 22?
211102121012200
In base 9, what 